 t(0). Suppose -h - 18 = b - u*b, 2*b + x*h = 6. What are the prime factors of b?
13
Suppose 2*n = 2*d + 96, 3*d = 2*d + 4*n - 42. Let h = 161 + d. Let b = h - 31. List the prime factors of b.
2, 5
Suppose -8*i + 172 + 108 = 0. Suppose 3*u - 3*j - 54 = 0, 5*u - 5*j = 4*u + 22. Let l = u + i. List the prime factors of l.
2, 13
Suppose c - 2383 = -3*r, -4*c + 0*r - 6*r = -9520. What are the prime factors of c?
2377
Let b = -105302 + 183359. List the prime factors of b.
3, 7, 59
Let g(i) = -3*i**2 - 2*i - 8. Suppose 15*m + 52 = 2*m. Let v be g(m). What are the prime factors of (-300)/(-8)*v/(-30)?
2, 3, 5
Suppose 41*b - 130 = 36*b. Suppose -29*a = -b*a - 12. Suppose -3*x + x = a*o - 186, 5*x - 465 = 3*o. List the prime factors of x.
3, 31
Let x(u) = u**3 + 6*u**2 - 22*u - 24. List the prime factors of x(10).
2, 3, 113
Suppose 0 = -68*f + 64112 + 1440. What are the prime factors of f?
2, 241
Suppose 6*l - 89504 = -w, -3*l + 78*w = 82*w - 44759. List the prime factors of l.
7, 2131
Suppose -31*j + 22*j = 25*j. Suppose 0 = -10*f - j*f + 9160. What are the prime factors of f?
2, 229
Let w be (114/24)/(324/(-320) + 1). Let n = w - -431. What are the prime factors of n?
3, 17
Suppose 15*q - 1251 = 6*q. Suppose q*o + 1285 = 144*o. Suppose 3*c + 5*i - 214 = 0, 2*i - o = -4*c + i. List the prime factors of c.
3, 7
Let p(u) = 2*u**3 - 7*u**2 + 9*u + 9. Suppose -24*a + 169 = 25. List the prime factors of p(a).
3
Let q(i) = -2*i**3 + i + 4. Let w be q(-3). Let t = 88 - w. Let z = t - 21. List the prime factors of z.
2, 3
Let i = 355 - 352. Suppose -i*k - 5*v + 766 = 0, 10*k + 5*v = 8*k + 509. List the prime factors of k.
257
Let i = 8006 + -2679. Suppose 86*k - i = 79*k. What are the prime factors of k?
761
Suppose 17*w - 18*w + 3 = 0. Suppose -w*j + 1306 = -71. List the prime factors of j.
3, 17
Let x be (-83)/((-40)/(-36) - 1). Let m = x - -1265. List the prime factors of m.
2, 7, 37
Let g = -13693 + 29056. What are the prime factors of g?
3, 569
What are the prime factors of (-1 - -1) + -3 - ((-1325)/(-53) - 1406)?
2, 13, 53
Let u = 646 + -500. Let r = u - -461. What are the prime factors of r?
607
Let n = -105 - -79. Let m = n - -28. List the prime factors of (-9)/m + 3/6 - -170.
2, 83
Let x be 8/(-14) - 153680/119. List the prime factors of (x/(-8))/((-8)/(-16)).
17, 19
Let c = 6061 - 3396. List the prime factors of c.
5, 13, 41
What are the prime factors of (1 - (-11166)/5)/(31 - (-1392)/(-45))?
3, 11171
Let n = 300 - 290. Suppose -2*p + n*p = 3160. What are the prime factors of p?
5, 79
Suppose -n + 22 = -84. Let q = -30 + n. What are the prime factors of q?
2, 19
Let d be 56/12*(-15)/(-10). Suppose -d*z + 2*z + 35 = 0. Suppose -z*y + y + 450 = 0. List the prime factors of y.
3, 5
Suppose 36*q - 29029 = 269087. What are the prime factors of q?
7, 13
Suppose -270 = -13*i + 120. Let l = 31 - i. List the prime factors of (-24*(l - 0))/(-2 - -1).
2, 3
Suppose 85462 - 258046 = -12*l. List the prime factors of l.
2, 3, 17, 47
Let i(c) = c**3 + 17*c**2 - 18*c + 8. Let y be i(-18). Suppose -313 + 41 = -y*n. What are the prime factors of 300/51 - 6 - (-3166)/n?
3, 31
Let u(j) = 11*j**3 - 4*j**2 - 15*j - 129. Let l(b) = 5*b**3 - 2*b**2 - 7*b - 64. Let g(w) = -13*l(w) + 6*u(w). What are the prime factors of g(0)?
2, 29
Suppose 0 = g + 2*c + 3*c - 25, 4*g - 25 = -5*c. Suppose -2*s + 5*x + 11 = g, 0*s + s = -3*x. Suppose -36 = -6*p + s*p. What are the prime factors of p?
2, 3
Let s(w) = w**3 - 6*w**2 + 6*w + 9. Let o be s(6). Let z = o - 41. Suppose 0*l + z*c = 4*l - 244, -5*l - 5*c = -295. What are the prime factors of l?
2, 3, 5
Let n(f) = -f**2 - 4*f - 6. Let q be n(-6). Suppose -38*b = 65*b - 62*b + 4674. Let k = q - b. List the prime factors of k.
2, 3
List the prime factors of ((-3)/24 + (-1024125)/(-360))*63/6.
7, 17, 251
Let k(a) = -a**3 - 7*a**2 - 5*a + 8. Let g be k(-6). Suppose -v + 9 = -g*v. What are the prime factors of 2/v + 8734/99?
2, 11
Let y be -2*(429/6)/(-13). Suppose -y*c = 22*c - 6798. List the prime factors of c.
2, 103
Let h be (-15)/2*14/(-21). Suppose -2*s + 2476 = h*w, -5*s = -5*w - 10*s + 2485. What are the prime factors of w?
2, 13, 19
Suppose 3*r = 2*f - 7959, 9*f - 5*f - 5*r - 15919 = 0. What are the prime factors of f?
3, 1327
Let i(u) = -307*u - 3. Let n be i(1). Let r = 166 + n. Let m = r - -270. What are the prime factors of m?
2, 3, 7
Let n be 1/4 + (-213)/(-12). Let a be 9/n + 1/(-3 + 1). Suppose 2*f + a*f = 218. List the prime factors of f.
109
Suppose 0 = 5*s + k - 19214, -43*k = 3*s - 40*k - 11526. List the prime factors of s.
3, 7, 61
Let l(m) = m**2 - 6*m - 29. Let c be l(11). Let u be 9 - c - -2*1. What are the prime factors of 1 + 12/(-3)*u?
61
Let i be ((-13)/3)/(31/279). Let r(u) = u**2 + 22*u + 111. List the prime factors of r(i).
2, 3, 43
Suppose 0 = j + 2*a - 1405, 0*a + 2801 = 2*j + a. What are the prime factors of j?
1399
Suppose -4*g - 3*f - 6837 = 0, 2541 + 4284 = -4*g + f. Let j = -367 - g. List the prime factors of j.
2, 5, 67
Let n = -72 - -112. Let t = -36 + n. Suppose -5*g + 41 = 5*i - 34, -t*i + 2*g + 48 = 0. What are the prime factors of i?
13
Let q = 29 - 21. Suppose -q*r + 3*r = 6420. List the prime factors of r/(-9) - (-1)/3.
11, 13
Let w be (-3 + 48/20)*5. Let k = 1 - w. Suppose -3*j - 572 = -8*j - o, 2*j - k*o - 220 = 0. List the prime factors of j.
2, 3, 19
Let p be ((-5)/(-3))/((-996)/(-198) + -5). Suppose -60*w + p*w + 90 = 0. What are the prime factors of w?
2, 3
Let i = 14448 - 5957. What are the prime factors of i?
7, 1213
List the prime factors of 5 - (32 - -24409)*(-2)/6.
2, 1019
Suppose 702 = -9*t + 8*t + 5*z, 2*z = -3*t - 2123. Let v = t - -736. List the prime factors of v.
29
Let k = 44011 + -25581. Suppose -8*u = 30*u - k. What are the prime factors of u?
5, 97
Let r(o) = 6*o**2 + 257*o + 12. What are the prime factors of r(-47)?
1187
Suppose 5*u + 5 = 0, 4*u + 7123 = 4*l - 7449. What are the prime factors of l?
2, 3, 607
Let y be -1 + (0 - -4)/(-4) + 5. Suppose -4*m + 8*m + 3*f - 1316 = 0, 5*m - 1618 = y*f. List the prime factors of m.
2, 163
Let q(y) = -87*y**3 + 42*y**2 - 9*y - 55. Let g(d) = 17*d**3 - 8*d**2 + 2*d + 11. Let i(s) = -11*g(s) - 2*q(s). What are the prime factors of i(-4)?
17, 53
Let u(f) = 57*f**2 - 114*f**2 + f - f**3 + 55*f**2 + 800 + 0*f**3. What are the prime factors of u(0)?
2, 5
Suppose 1337 = 3*q - 5*o, 0 = 2*q - 5*o + 234 - 1127. Suppose y + 843 = 2*t, -t + y = -q + 25. List the prime factors of t.
2, 53
Suppose 0 = -4*g + 3*a + 5, -5*a = 3*g - 6*g + 1. Suppose 0 = g*l - 197 - 173. Suppose -l = -5*m - 80. What are the prime factors of m?
3, 7
Suppose -7476 = 4*j - 27472. List the prime factors of j.
4999
Suppose 0 = 4*x - 11*x + 7. Suppose o - x - 2 = 0. Suppose -325 = -o*k - f, 313 = 4*k - k - 2*f. List the prime factors of k.
107
Let u(s) = -45*s + 222. Let a(n) = -229*n + 1111. Let o(p) = 2*a(p) - 11*u(p). What are the prime factors of o(11)?
11, 17
Suppose 76*c + 1449 = l + 73*c, -2*l - c = -2884. List the prime factors of l.
3, 13, 37
Let r be (-6296)/(-6) - (-16)/(-48). Suppose -r + 2525 = 4*q - 4*s, 5*s - 1440 = -4*q. List the prime factors of q.
5, 73
List the prime factors of (-91320)/(6 - 21) + 15.
17, 359
Suppose -8*w + 29 = -11. Suppose -w*b + 616 - 178 = d, 4*d + 4*b - 1672 = 0. Let g = d + -152. List the prime factors of g.
3, 29
Let w = 644 + 5019. What are the prime factors of w?
7, 809
Let a(f) = f**3 - 6*f**2 + 20*f - 135. Let c be a(7). Let z = 2 - 15. Let m = c - z. List the prime factors of m.
67
Let s be (-7)/(0 + (-4)/4). Suppose 0 = -5*p + 3*w - 28, -4*p = -5*w + 18 + s. Let u(d) = 2*d**2 + 2*d. List the prime factors of u(p).
2, 5
List the prime factors of (-5)/(-300)*10 - 24467/(-6).
2, 2039
Let b(d) = -d**3 - 14*d**2 + 15*d + 14. Let m be b(-15). Let v(f) = -25*f**2 - 56 + 19 - 32*f**2 + 58*f**2 - 9*f. What are the prime factors of v(m)?
3, 11
Let p = 6616 + -5121. What are the prime factors of p?
5, 13, 23
Let p = -54 + 58. Suppose 0 = -0*g + p*g - 3*g. What are the prime factors of (-3)/(g - 3/92)?
2, 23
What are the prime factors of (-652597)/(-66) + (-4)/(-24)?
2, 3, 103
Suppose 3*o - 332 = 4*i, -2*o + 545 = 3*o - 5*i. Let j = -76 + o. What are the prime factors of j?
2, 7
Let p = 6676 + -854. What are the prime factors of p?
2